
2
Let q = 319 + -313. Let j = 41 - q. What is the remainder when j is divided by 9?
8
Suppose -195*s + 210*s - 60 = 0. What is the remainder when s is divided by (-3)/(-2) + 1/(-2)?
0
Let s(r) = 24*r + 6 - 4 + r**2 - r**3 + 14*r - 37*r. Let h be s(0). Let y(k) = 23*k**3 - 2*k - 1. What is the remainder when y(h) is divided by 45?
44
Let v = 9380 + -9331. Calculate the remainder when 197 is divided by v.
1
Suppose -35935 + 20386 - 29496 = -35*v. Calculate the remainder when v is divided by 186.
171
Suppose -r - 4*r = -40. Suppose 0 = -4*z + 86 - 146. What is the remainder when r is divided by (-2)/z + 172/60?
2
Suppose -23 = -5*w - 8. Suppose 3*f + 0 = -w*g - 66, -5*f - 15 = 0. Calculate the remainder when 47 is divided by 34/2 + (-19)/g.
11
Let x = 232 + -218. Let w(r) = 53*r**3 + r. Let a be w(1). Let d = 1 + a. What is the remainder when d is divided by x?
13
Suppose 78*r - 177*r + 9102 = 123*r. Calculate the remainder when 266 is divided by r.
20
Let v = 39 + -22. Let n be 324/24 - (-3)/2. Suppose 0 = 3*i - n, -22 + 115 = 2*q - i. Calculate the remainder when q is divided by v.
15
Let y = -1700 - -1722. Let j(d) = d**2 + 11*d + 10. Let m be j(-10). Let r(l) = -l**2 + 8. What is the remainder when y is divided by r(m)?
6
Suppose 120 = 35*n + 15. Let a be ((-16)/12)/((-4)/6). Suppose -z - 4*y + 4 = y, -n*z - a*y + 25 = 0. What is the remainder when 95 is divided by z?
5
Suppose 341 = 2*g + 93. Let z = 55 + -48. Let p(x) = -x**3 + 6*x**2 + 7*x + 21. What is the remainder when g is divided by p(z)?
19
Suppose 2*y - 142 = -3*r + 235, -y - 5 = 0. Suppose 6*w = r + 21. What is the remainder when 99 is divided by w?
24
Suppose -13 - 7 = -5*f. Suppose -4*i = -5*g - 498, -f*g + 262 = -i + 3*i. Calculate the remainder when i is divided by (80/15)/((-2)/(-12)).
31
Suppose 167 = 19*g - 194. What is the remainder when 4007 is divided by g?
17
Let r be (-4476)/16*-7 + (-6)/24. Suppose -1181 + 201 = -2*u + a, -3*a = -4*u + r. What is the remainder when u is divided by 29?
27
Let f(g) = 22*g**3 + 3*g**2 - 5*g + 3. Let j(k) = 8*k - 71. Let l be j(9). Calculate the remainder when 61 is divided by f(l).
15
Let y(i) = -i**3 - 53*i**2 - 196*i + 268. Calculate the remainder when y(-49) is divided by 12.
4
Let s be (25 + -1)/(-5*(-15)/50). Let u(h) = -h**3 + 22*h**2 - 91*h - 2. What is the remainder when 701 is divided by u(s)?
77
Let k be (-3)/1 - (-3 - -5). Let q be 2*k/(-35)*7. Suppose -3*y - 2*y = q*n - 92, 4*n - 136 = 2*y. What is the remainder when n is divided by 10?
6
Let w = -10 + 524. Suppose 4*v = -a - v + 86, 5*a + 4*v - w = 0. Calculate the remainder when a is divided by ((-3)/(-1))/((-50)/(-45) - 1).
25
Let h = -106 - -123. Calculate the remainder when (2 - (-54 - -9)) + -3 is divided by h.
10
What is the remainder when ((-1791)/796)/(((-6)/(-128))/((-3)/12)) is divided by 5?
2
Let s be (-2 - 0)/((-22)/(-55)). Let q(f) = 2*f**3 + 10*f**2 + 11*f + 76. Calculate the remainder when 482 is divided by q(s).
20
Calculate the remainder when 1228 is divided by (-23 - -20)*-123*(-4)/(-18).
80
Let j(v) = 8*v**2 + 239*v - 479. Let g(r) = r**2 + 4*r + 3. What is the remainder when j(2) is divided by g(-5)?
7
Let n = -56 - -51. Let i(c) = -50*c - 24. Let j be i(n). Suppose 5*y - f = -3*f + 216, j = 5*y - 3*f. Calculate the remainder when y is divided by 15.
14
Suppose 5*y - 38 = 2*p, 0 = 4*y + 3*p + 84 - 142. What is the remainder when 1403 is divided by y?
3
Let t = 278 + -296. Calculate the remainder when 4 + (-2439)/t - (-2)/(-4) is divided by 14.
13
Suppose -9*n = 30*n - 17*n - 2244. What is the remainder when 913 is divided by n?
97
Let o(j) = 105*j - 36. Let n = -70 - -341. Calculate the remainder when n is divided by o(1).
64
Let x(t) = -2*t - 1. Let c be -2*1 - (-3 - 0). Let i be c*(4 + -12 + 1/1). Calculate the remainder when x(i) is divided by 8.
5
Let q = 2536 + -2526. Calculate the remainder when 206 is divided by q.
6
Let t(x) = -3*x + 78. Let s be t(-16). Suppose -4*i = -i - s. What is the remainder when 113 is divided by i?
29
Let k = -648 - -723. Suppose 72*n - k*n = -66. What is the remainder when n is divided by 7?
1
Let i(p) = 63*p + 5469. Calculate the remainder when i(12) is divided by 22.
21
Suppose -2*y + 278 + 126 = 0. Let h = 230 - y. Calculate the remainder when 191 is divided by h.
23
Let y = 14897 + -14513. Calculate the remainder when y is divided by 64.
0
Calculate the remainder when 607 is divided by -10*135/54*(-7)/(105/18).
7
Suppose -1661 = 310*y - 3781 - 3150. What is the remainder when 286 is divided by y?
14
Suppose 25*k + 46*k = 9*k + 1612. Calculate the remainder when 2701 is divided by k.
23
Suppose 0 = -3*l + 3*d - 8*d + 66, 2*d - 110 = -5*l. Suppose -l*x + 226 + 412 = 0. What is the remainder when 287 is divided by x?
26
Suppose 3*f - 805 = a, -2*a - 537 = -3*f + 272. Let t = 6 + -3. Suppose -t*r = -3*j + f, 9*j + r = 5*j + 356. Calculate the remainder when j is divided by 31.
27
Let o = -5890 + 3636. Let k(t) = -5*t - 6. What is the remainder when 3/30*-2 + o/(-70) is divided by k(-5)?
13
Suppose 2 = -c - 3*b, 0 = -5*c + 2*b + 65 - 7. Let n = 1375 + -2160. What is the remainder when (n/c)/(2/(-4)) is divided by 16?
13
Let u be ((-27)/(-18))/((-3)/(-4)). Suppose 7*q = 4*q - 2*f + 840, u*q - 553 = f. Calculate the remainder when q is divided by 28.
26
Let f(o) = o**2 - 9*o + 5. Let v(d) = 4*d**2 - 85*d - 349. What is the remainder when v(25) is divided by f(10)?
11
Let l = -305 + 430. Calculate the remainder when (l - 26) + 2 + 1 + -1 is divided by 36.
29
Let n(u) = 6*u**2 - u - 11. Suppose -8*s - 233 + 193 = 0. Calculate the remainder when n(s) is divided by 21.
18
Suppose -40 = -18*n + 22*n. Let g(z) = -6*z + 20. Calculate the remainder when 238 is divided by g(n).
78
Suppose 0*m - 3*m + 30 = 0. Let n(s) = 4*s**2 + s - 26. Let z = 143 - 147. What is the remainder when n(z) is divided by m?
4
Let t = -3845 - -7077. What is the remainder when t is divided by 72?
64
Suppose -5*z - 25 = 5*n - 3*z, 0 = -2*n - 4*z - 26. Let m = n + 15. Let o = 789 + -721. Calculate the remainder when o is divided by m.
8
Suppose 318*d + 34863 - 42375 = 49410. What is the remainder when d is divided by (1/(1/(-74)))/(-2)?
31
Let g = 156 + -148. Calculate the remainder when (-1)/((24/g)/(-1608)) is divided by 30.
26
Calculate the remainder when 1355 is divided by (-486)/(-18) - 2/((-4)/(-6)).
11
Let x be (-5388)/(-42)*(-3 + (-65)/(-10)). Let s = -375 + x. Let m(h) = h**2 + 2*h - 2. Calculate the remainder when s is divided by m(4).
8
Suppose -6*x + 8 + 28 = 0. Suppose -2*s = 0, 10*z - 5*s = x*z + 64. Calculate the remainder when z is divided by 11.
5
Suppose 84 = 2*v - 5*j + 27, 0 = -4*v + 2*j + 74. Suppose -v*f + 6*f = -40. What is the remainder when 5 is divided by f?
1
Calculate the remainder when (-48)/15 + 54/270 + 3*283 is divided by 25.
21
What is the remainder when 2025 is divided by 20 - ((-15)/(-30) - 15/(-2))?
9
Suppose -3*q = q + 20. What is the remainder when (q - (-2 - -146)/(-4))*1 is divided by 11?
9
Let z = -36 + 46. Suppose 2*w = w - 2, -2*n + 3*w + 104 = 0. Let r = n + -13. Calculate the remainder when r is divided by z.
6
Let l(w) = -7*w**3 - 3*w**2 - w. Let m = -1861 + 1943. Calculate the remainder when m is divided by l(-2).
36
Let a(n) = -n**2 - 19*n + 14. Let u be a(-13). Suppose -5*f + 203 = -u. Calculate the remainder when 116 is divided by f.
57
Let w(q) = 12*q + 4. Let b(i) = 18*i + 6. Let v(o) = -5*b(o) + 8*w(o). Let t be v(-1). Calculate the remainder when 27 is divided by (-2)/t*(2 + 18).
7
Let h = 3361 - 1363. What is the remainder when h is divided by 984?
30
Suppose -5*o = -3*m + 117, -4*m - m + 179 = -3*o. Suppose -2*l + m = 4*y - 2*y, 3*l = 2*y + 61. What is the remainder when 70 is divided by l?
13
Let t = -92 + 205. Let s = t - 95. Let w(h) = -h**3 + 6*h**2 + 2*h. What is the remainder when w(5) is divided by s?
17
Suppose 4 = 6*m - 8*m, -66 = -4*q + m. Suppose 4 = -2*b - 2, -5*o = 3*b + 4. Let k = o - -8. What is the remainder when q is divided by k?
7
Suppose 18*w = 5*w + 1404. Let p = 120 - w. Calculate the remainder when p is divided by 4.
0
Let l = 5344 + -5212. What is the remainder when 374 is divided by l?
110
Suppose 3*l - 26 + 5 = 3*f, 4*f - 5*l = -33. Let w be (-316)/(-40) + 6/60. What is th